 when g is divided by 21?
18
Suppose -5*f - n + 38 = 0, 5*f - n - 26 = 2*n. Calculate the remainder when 26 + (0 + 1)*(-2 - -3) is divided by f.
6
Suppose -2*u = 2*u - 456. Let g(v) = -5*v**2 + 31*v + 9. Calculate the remainder when u is divided by g(5).
36
Suppose -2*n + 6 = -0*n. Let a(j) = -j**3 - 3*j**2 + 27*j + 86. Calculate the remainder when n is divided by a(-5).
0
Calculate the remainder when 94 + 1*3/(-6)*10 is divided by 85.
4
Let c(a) = a**2 + 3*a - 15. Let r = 54 - 47. Calculate the remainder when c(r) is divided by 15.
10
Let x = -39 - -44. Calculate the remainder when 624/30 + 1/x is divided by 11.
10
Let m = -162 + 999. What is the remainder when m is divided by 35?
32
Suppose 0 = -u + 2*u - d - 9, -d = 3. Calculate the remainder when 48 is divided by 20/4 - (u - 6).
3
Let k = -6 + 5. Calculate the remainder when 69 is divided by (-1)/(2/22)*k + -1.
9
Suppose 69 + 9 = 2*s. What is the remainder when 100 is divided by s?
22
Suppose n + 3 = -i - 1, 4*n + 16 = 2*i. Suppose 2*c - 5*c + 3 = i. Suppose m - c = 7. What is the remainder when m is divided by 5?
3
Let x(r) = -r**2 - 8*r + 2. Let u be x(-8). Suppose -u*v = -6*v + 100. What is the remainder when (2*6)/(2/12) is divided by v?
22
Suppose 2*x - s = 71, -3*x = -6*x - 2*s + 96. Calculate the remainder when 540 is divided by x.
30
Suppose -4*i + 3*t = -24, -3*t + 4 = 5*i + 1. Suppose -4*s = 4*d - 12, 0*d = 4*s - 2*d - 6. What is the remainder when i is divided by s?
1
Suppose g + 6 = k + 7, -3*k = -g + 5. Let o = 0 + 0. What is the remainder when o - 102/(0 + k) is divided by 26?
25
Let h be (-3 - (-153)/15)*-5. Let k = -21 - h. Suppose -1 = 2*m - k. What is the remainder when 12 is divided by m?
5
Let w(o) = 2*o**2 + 65*o - 23. Let s = 9 + -3. What is the remainder when w(-33) is divided by s?
4
Suppose 0 = -8*o - 259 + 1099. Calculate the remainder when o is divided by 22.
17
Let m = -186 - -191. Calculate the remainder when 16 is divided by m.
1
Let r be -1 + 2 + (-261 - 8). Let x = -82 - r. Let m = 262 - x. What is the remainder when m is divided by 20?
16
Suppose -136 = -5*x + x. Suppose -3*c + c - 2*t = 88, -x = c - t. Let g = -13 - c. Calculate the remainder when g is divided by 9.
8
Suppose 3*j = -5*o + 427, 4*o = -4*j + 721 - 141. Calculate the remainder when j is divided by 50.
49
Let k = 4 + 0. Suppose 9*x = k*x + 90. Suppose -z + x = 2*a + 2*z, -a + z + 4 = 0. Calculate the remainder when 11 is divided by a.
5
Let n = 235 + -226. What is the remainder when 93 is divided by n?
3
Let d = 5 - -56. Let m(g) = 3*g + 85. What is the remainder when d is divided by m(-24)?
9
Suppose 25 = d + 4*y, -d + 38 = -2*y + 1. Calculate the remainder when d is divided by 12.
9
Suppose -3*o - 118 = -355. What is the remainder when o is divided by 28?
23
Let s = 26 - 2. Let o = 25 - 6. Calculate the remainder when (66/s)/(2/40) is divided by o.
17
Let v(j) = j**3 + 30*j**2 + 5*j + 185. Calculate the remainder when 140 is divided by v(-30).
0
Suppose -56 = -5*x + x. Suppose 0 = 7*c - 6*c - 69. Let j = -16 + c. Calculate the remainder when j is divided by x.
11
Suppose 19*t - 38 = 17*t. Let x = 275 - 181. What is the remainder when x is divided by t?
18
Let a(b) = 1 + 0 - 3*b**2 + b**3 + 4. Let f be a(3). Suppose 2*l = f*l - 6. What is the remainder when 6 is divided by l?
0
What is the remainder when ((-1)/2)/((-3225)/460 - -7) is divided by 8?
6
What is the remainder when ((-668)/(-3))/(200/300) is divided by 34?
28
Suppose -6*u + 4*u + 196 = 0. Let o = -51 + u. What is the remainder when o is divided by 24?
23
Let l(g) = g. Let z(d) = -18*d. Let q(v) = -12*l(v) - z(v). Let b = 17 - 16. What is the remainder when 11 is divided by q(b)?
5
What is the remainder when 2 + ((-50)/(-5))/((-10)/(-35)) is divided by 92/16 - (-6)/(-8)?
2
Suppose -2*a - 486 = -5*s, -7*a = -2*s - 3*a + 188. What is the remainder when s is divided by 10?
8
Suppose -5*a = -58 - 22. Let v = a + -9. Calculate the remainder when v is divided by 2.
1
Suppose 0 = -2*y - 11*s + 14*s + 75, s = -4*y + 185. What is the remainder when 177 is divided by y?
42
Let n(y) = -3*y + 5. Let m be n(-5). Suppose 77 - 65 = r. Suppose -2*a = -r - m. What is the remainder when 62 is divided by a?
14
Let h(r) = -2*r**2 - 17*r + 7. Let b(p) = 3*p**2 + 33*p - 13. Let s(i) = 3*b(i) + 5*h(i). Calculate the remainder when s(7) is divided by 17.
11
Let x be (-1)/(-4) - 1836/48. Let z = x + 50. Suppose -4*q = -b - 5 + 56, 5*b - 237 = 2*q. What is the remainder when b is divided by z?
11
Let m = 2653 - 2460. What is the remainder when m is divided by 8?
1
Suppose 0 = -2*v + 6. Suppose q - 3 = 3*d, 4*d = -0*d. Calculate the remainder when v is divided by q.
0
Let m(h) = h + 4. Let f be m(3). Let o = f - 6. Let s = 8 - 7. What is the remainder when o is divided by s?
0
Let r = -358 - -436. What is the remainder when r is divided by 8?
6
Let s = -17 - -22. Let l = 109 - -247. Suppose s*z - l = z. Calculate the remainder when z is divided by 23.
20
Let q(n) = n**2 - 6. Let l be q(0). Let j = -2 - l. Suppose -j*c + 41 = -43. Calculate the remainder when 60 is divided by c.
18
Suppose 5*a + 5*k = 230, 218 = 21*a - 16*a + k. What is the remainder when a is divided by 11?
10
Let h(y) = y**2 + 2. What is the remainder when ((-1)/3)/(2/(-132)) is divided by h(2)?
4
Let b = 33 + -28. Suppose b*z - 37 = -s, 2*s + 4*z - 17 = 69. What is the remainder when s is divided by 8?
7
Suppose 69 - 69 = 3*q. Let j be 3/(-18) + 5/(-6). What is the remainder when 43 is divided by (j - q)*(-18)/2?
7
Suppose -10*x = x - 99. Let s(y) = 33*y + 1. What is the remainder when s(1) is divided by x?
7
Suppose -3*c + 15 = 2*c. Suppose 0*j = -c*j + 72. Let n(a) = -8*a - 18. Calculate the remainder when n(-8) is divided by j.
22
Let x(v) = 5*v + 37. Suppose -5 = 4*j - 5*i - 160, 4*i = 3*j - 117. What is the remainder when j is divided by x(-5)?
11
Let x = -149 - -89. Calculate the remainder when ((-18)/(-12))/((-9)/x) is divided by 6.
4
Let f(b) be the first derivative of -b**4/4 + b**2 + 9*b + 4. What is the remainder when f(0) is divided by 5?
4
Let l(u) = 2*u + 18. Let m be (28/10)/(4/20). What is the remainder when l(m) is divided by 16?
14
Let t(x) be the third derivative of x**5/60 - x**4/8 - 7*x**3/3 - x**2. Let h(i) = 5*i - 44. Let q be h(10). What is the remainder when 15 is divided by t(q)?
3
Calculate the remainder when (1/(-2))/((-2)/264) is divided by (-747)/(-39) + 52/(-338).
9
Let g(k) be the first derivative of k**4/4 + 8*k**3/3 - 3*k**2/2 + 3*k - 14. What is the remainder when g(-8) is divided by 11?
5
Let c(x) = 18*x + 39. Calculate the remainder when c(9) is divided by 34.
31
Suppose 0 = -2*h - 6, 5*h - 5 = -2*n - 0*h. What is the remainder when n is divided by 2/(-13) + (-400)/(-65)?
4
What is the remainder when 50 is divided by ((-152)/24 + 3)/((-1)/9)?
20
What is the remainder when ((-252)/(-60))/(2/20) is divided by 24?
18
Let g(b) = 4*b + b + 2*b. Let k = 46 - 27. What is the remainder when g(5) is divided by k?
16
What is the remainder when 0 - -29 - (0 + 1) is divided by (-191 + 187)/((-2)/4)?
4
Suppose -4*b + 0*b + 64 = 0. Suppose 0 = -2*p + p + 30. Suppose -4*x - x = -p. Calculate the remainder when b is divided by x.
4
Suppose -2*s = 3*c - 0*s - 60, -s - 69 = -3*c. Suppose -65 = -8*z + 271. What is the remainder when z is divided by c?
20
Let z = 27 + -16. Calculate the remainder when (4/8 - 3/2) + 54 is divided by z.
9
Let y = 433 + -425. What is the remainder when 54 is divided by y?
6
Let d(a) = -a**3 + 11*a**2 - 25*a + 14. Calculate the remainder when d(7) is divided by 6.
5
Let w(j) = -11 - 1 + 1 + 2 + 8*j. What is the remainder when w(3) is divided by 9?
6
Suppose -v + 25 = s + 4*v, 0 = -3*v + 3. Let y(i) = -3*i**3 + i**2 - 3*i + 2. Let c be y(1). Calculate the remainder when s is divided by -1 - c - 4 - -13.
9
Suppose 25 = -3*y - 4*z, -4*y - z - 25 = -4*z. Calculate the remainder when 8/(-28) - 23/y is divided by 2.
1
Let h = -771 + 855. Calculate the remainder when 417 is divided by h.
81
Let t(p) = -6*p - 6. Let r(j) = -308*j + j**2 + 310*j - 13 + 0*j**2. What is the remainder when r(-8) is divided by t(-4)?
17
Let y(w) = w**3 + 42*w**2 - 7*w - 116. What is the remainder when y(-42) is divided by 23?
17
Suppose -4*z + z = v - 33, 0 = -4*z - 4